ctors of 32958?
2, 3, 1831
List the prime factors of 21665.
5, 7, 619
List the prime factors of 2452.
2, 613
What are the prime factors of 777?
3, 7, 37
List the prime factors of 67108.
2, 19, 883
What are the prime factors of 1099?
7, 157
What are the prime factors of 57417?
3, 19139
List the prime factors of 9530.
2, 5, 953
What are the prime factors of 12798?
2, 3, 79
What are the prime factors of 7673?
7673
What are the prime factors of 2537?
43, 59
List the prime factors of 309.
3, 103
List the prime factors of 30150.
2, 3, 5, 67
What are the prime factors of 668?
2, 167
List the prime factors of 1547.
7, 13, 17
List the prime factors of 29038.
2, 14519
What are the prime factors of 91931?
7, 23, 571
List the prime factors of 6474.
2, 3, 13, 83
List the prime factors of 2009.
7, 41
List the prime factors of 1314.
2, 3, 73
What are the prime factors of 92521?
11, 13, 647
What are the prime factors of 31278?
2, 3, 13, 401
List the prime factors of 14980.
2, 5, 7, 107
List the prime factors of 41449.
181, 229
What are the prime factors of 108876?
2, 3, 43, 211
List the prime factors of 10166.
2, 13, 17, 23
What are the prime factors of 6629?
7, 947
List the prime factors of 5049.
3, 11, 17
List the prime factors of 1084.
2, 271
List the prime factors of 3399.
3, 11, 103
List the prime factors of 1880.
2, 5, 47
What are the prime factors of 39641?
7, 809
List the prime factors of 1813.
7, 37
List the prime factors of 4989.
3, 1663
What are the prime factors of 19006?
2, 13, 17, 43
What are the prime factors of 16087?
16087
What are the prime factors of 138604?
2, 34651
What are the prime factors of 659?
659
List the prime factors of 1940.
2, 5, 97
What are the prime factors of 42510?
2, 3, 5, 13, 109
List the prime factors of 52914.
2, 3, 8819
List the prime factors of 2026.
2, 1013
What are the prime factors of 19126?
2, 73, 131
What are the prime factors of 21224?
2, 7, 379
List the prime factors of 101212.
2, 25303
What are the prime factors of 2893?
11, 263
What are the prime factors of 107?
107
List the prime factors of 663.
3, 13, 17
List the prime factors of 4226.
2, 2113
What are the prime factors of 9541?
7, 29, 47
What are the prime factors of 29577?
3, 9859
What are the prime factors of 6106?
2, 43, 71
List the prime factors of 1203.
3, 401
List the prime factors of 412.
2, 103
List the prime factors of 1257.
3, 419
What are the prime factors of 519?
3, 173
List the prime factors of 45760.
2, 5, 11, 13
What are the prime factors of 4219?
4219
List the prime factors of 9812.
2, 11, 223
List the prime factors of 1306.
2, 653
What are the prime factors of 9778?
2, 4889
List the prime factors of 2072.
2, 7, 37
What are the prime factors of 5267?
23, 229
What are the prime factors of 38429?
83, 463
What are the prime factors of 2444?
2, 13, 47
What are the prime factors of 6788?
2, 1697
List the prime factors of 1817.
23, 79
What are the prime factors of 100280?
2, 5, 23, 109
List the prime factors of 7075.
5, 283
List the prime factors of 257.
257
List the prime factors of 38.
2, 19
List the prime factors of 1915.
5, 383
List the prime factors of 2896.
2, 181
What are the prime factors of 62521?
103, 607
List the prime factors of 3394.
2, 1697
List the prime factors of 942.
2, 3, 157
List the prime factors of 95155.
5, 19031
What are the prime factors of 152975?
5, 29, 211
What are the prime factors of 2276?
2, 569
List the prime factors of 3008.
2, 47
What are the prime factors of 1278?
2, 3, 71
List the prime factors of 2939.
2939
List the prime factors of 10823.
79, 137
What are the prime factors of 2043?
3, 227
List the prime factors of 4600.
2, 5, 23
List the prime factors of 15078.
2, 3, 7, 359
List the prime factors of 89734.
2, 44867
What are the prime factors of 1536?
2, 3
List the prime factors of 4260.
2, 3, 5, 71
What are the prime factors of 986?
2, 17, 29
What are the prime factors of 9745?
5, 1949
List the prime factors of 632.
2, 79
What are the prime factors of 340?
2, 5, 17
List the prime factors of 7353.
3, 19, 43
What are the prime factors of 13018?
2, 23, 283
What are the prime factors of 9721?
9721
List the prime factors of 35267.
35267
What are the prime factors of 73?
73
What are the prime factors of 16214?
2, 11, 67
List the prime factors of 26542.
2, 23, 577
What are the prime factors of 5381?
5381
What are the prime factors of 32249?
7, 17, 271
List the prime factors of 667.
23, 29
List the prime factors of 36281.
7, 71, 73
List the prime factors of 4847.
37, 131
What are the prime factors of 14752?
2, 461
List the prime factors of 726.
2, 3, 11
List the prime factors of 3101.
7, 443
List the prime factors of 156.
2, 3, 13
List the prime factors of 420.
2, 3, 5, 7
List the prime factors of 28157.
37, 761
List the prime factors of 11910.
2, 3, 5, 397
List the prime factors of 751.
751
List the prime factors of 47986.
2, 23993
What are the prime factors of 4678?
2, 2339
What are the prime factors of 19413?
3, 719
What are the prime factors of 1820?
2, 5, 7, 13
List the prime factors of 1473.
3, 491
What are the prime factors of 7260?
2, 3, 5, 11
What are the prime factors of 645?
3, 5, 43
List the prime factors of 8746.
2, 4373
List the prime factors of 921.
3, 307
List the prime factors of 25932.
2, 3, 2161
What are the prime factors of 21984?
2, 3, 229
What are the prime factors of 8539?
8539
List the prime factors of 11902.
2, 11, 541
What are the prime factors of 5151?
3, 17, 101
List the prime factors of 4219.
4219
List the prime factors of 3243.
3, 23, 47
List the prime factors of 51675.
3, 5, 13, 53
List the prime factors of 136929.
3, 13, 3511
What are the prime factors of 9663?
3, 3221
List the prime factors of 50190.
2, 3, 5, 7, 239
List the prime factors of 91748.
2, 22937
List the prime factors of 69141.
3, 19, 1213
What are the prime factors of 507?
3, 13
List the prime factors of 16733.
29, 577
List the prime factors of 2695.
5, 7, 11
List the prime factors of 5424.
2, 3, 113
List the prime factors of 1136.
2, 71
What are the prime factors of 5005?
5, 7, 11, 13
What are the prime factors of 2654?
2, 1327
List the prime factors of 678.
2, 3, 113
List the prime factors of 137833.
337, 409
What are the prime factors of 12124?
2, 7, 433
List the prime factors of 8117.
8117
List the prime factors of 47247.
3, 15749
List the prime factors of 128088.
2, 3, 593
List the prime factors of 70657.
70657
What are the prime factors of 19813?
19813
What are the prime factors of 7370?
2, 5, 11, 67
What are the prime factors of 1762?
2, 881
List the prime factors of 10450.
2, 5, 11, 19
What are the prime factors of 12708?
2, 3, 353
List the prime factors of 6739.
23, 293
What are the prime factors of 37123?
37123
What are the prime factors of 4301?
11, 17, 23
What are the prime factors of 74189?
74189
What are the prime factors of 824?
2, 103
List the prime factors of 875.
5, 7
What are the prime factors of 13431?
3, 11, 37
What are the prime factors of 5927?
5927
What are the prime factors of 43208?
2, 11, 491
List the prime factors of 4579.
19, 241
List the prime factors of 4.
2
List the prime factors of 788.
2, 197
List the prime factors of 62350.
2, 5, 29, 43
What are the prime factors of 489?
3, 163
What are the prime factors of 28904?
2, 3613
What are the prime factors of 59219?
59219
List the prime factors of 124.
2, 31
List the prime factors of 38088.
2, 3, 23
What are the prime factors of 7364?
2, 7, 263
What are the prime factors of 756?
2, 3, 7
What are the prime factors of 512?
2
List the prime factors of 792.
2, 3, 11
List the prime factors of 21.
3, 7
List the prime factors of 639.
3, 71
What are the prime factors of 146?
2, 73
List the prime factors of 615.
3, 5, 41
List the prime factors of 1757.
7, 251
What are the prime factors of 96737?
96737
What are the prime factors of 13826?
2, 31, 223
List the prime factors of 3821.
3821
List the prime factors of 813.
3, 271
What are the prime factors of 12673?
19, 23, 29
What are the prime factors of 7944?
2, 3, 331
What are the prime factors of 58157?
11, 17, 311
List the prime factors of 3051.
3, 113
List the prime factors of 80.
2, 5
What are the prime factors of 25891?
17, 1523
List the prime factors of 76132.
2, 7, 2719
List the prime factors of 